-9 + -3 + 1 + 5 - (198 + -168)?
-36
What is the value of (-19 - (-3 - (22 + -7))) + (57 - (-3 + 3))?
56
-9011 + 9133 + 26 + (0 - 3)
145
Evaluate 27 + (18 - ((-12 + 4 - 2) + 11 - -8)).
36
Evaluate -3 + 93 + 955 + -996.
49
Calculate -28 + (-3 - -1) + (94 - 90) + (8 - 1).
-19
What is 55 + (7 - (-41 - -110))?
-7
What is (-68 - (-119 - -24)) + -7?
20
Calculate (-68 - -35) + 30 - -95.
92
What is the value of 19 - (-9 - 15) - 9 - -18?
52
What is -10 + -1 - (678 - 705) - -22?
38
Evaluate -47 + (11 + 0 + -21 - -16) + 2.
-39
What is the value of -25 - (0 + -65 + -94 + 68)?
66
Calculate (-34 - 1) + (-288 - -296).
-27
What is 3 + -86 + (2446 - 2389)?
-26
(5 - (-15 - -9) - 16) + 6 + -11
-10
Calculate -4 + (-100 - -75) + 39.
10
Evaluate 127 + 59 + -124 + -10.
52
What is the value of -29 + (108 - -32) + -199?
-88
What is the value of -2 + 1 - ((31 - (-12 - 2)) + 19)?
-65
Evaluate 1 + 11 - ((-8 - (-4 - -7)) + -396 + 342).
77
What is -42 + 97 + -13 + -15?
27
What is the value of -3 - -18 - (-11 - (16 + -28)) - (-66 + -2)?
82
Evaluate 0 + -69 - (34 - 0 - 3 - 30).
-70
Evaluate (-2 - (-11 + 3)) + (14 - 0 - 49) - 6.
-35
What is 20 + -2 - (94 - (11 + (-26 - -12)))?
-79
What is the value of 9 - (15 + 47) - (-11 + -3)?
-39
68 + (-2 - 68) + (-1 + 0 - -28)
25
Evaluate 13 + (-4 - -4) + (0 - (-3 - -2) - -24).
38
Evaluate (14 + -35 - ((0 - 19) + -22)) + -49.
-29
Evaluate (1 - 53) + (29 - (-30 + 22 + 22)).
-37
57 + -43 + 0 + -1
13
-24 + 6 + 11 + 7 + -43
-43
What is the value of 0 - (-44 + 106 + -22)?
-40
What is -19 - (46 + -80 - 37)?
52
(6 + -13 - -3) + 52 - (2 + 0 + -9)
55
What is -47 + -5 + 354 + -314?
-12
What is the value of -82 - (49 + -158 + -41)?
68
What is 85 - ((8 - (-14 - 8)) + -40)?
95
36 + -114 - (14 - 3 - 28 - -7)
-68
Evaluate -9 - 0 - (16 + (24 - 64 - -26) + -52).
41
What is the value of 31 + -49 - (67 - 72)?
-13
82 + 34 + -32 + -57
27
(2 - -78) + (-309 - -301) + 0 + 15
87
Calculate 212 + -135 + -45 + -9.
23
What is 58 + -133 + 122 - 62?
-15
What is 234 + -334 - (-3 + -54)?
-43
(114 - -39 - 65) + -148
-60
Evaluate 1 + -1 + 20 - (-4840 + 4844).
16
Evaluate 244 + -196 + (17 - -2 - 4).
63
What is 6 - ((1 + (-10 - -6) - -5) + 4 + -18)?
18
What is (40 - (44 - (-37 + 60))) + 8?
27
40 + -56 + 111 + -67
28
Calculate -107 - (-17 + -104) - (-30 - -1).
43
Evaluate -1 + 0 - -36 - ((26 - 18) + (-15 - -3)).
39
What is 35 - 2 - (-19 - (-12 + 6 + (-14 - -5)))?
37
What is the value of 42 - (-30 + 8 - (-16 + 4 + 2))?
54
Evaluate -4 - -12 - (38 + -1) - (-69 + 75).
-35
What is -12 + 0 + 1 + -32 + (9 - -2) + 1?
-31
17 + 2 + -13 + (6 - (1 + 5))
6
(15 - 10) + 5 + -58 + -33 + 5
-76
What is (-15 - -22 - 1) + 1 + -23 + -141 + 147?
-10
What is the value of (71 - (20 - -35)) + -22?
-6
Evaluate (-3 - 30) + (-359 - -339).
-53
-27 - -7 - (218 + -199)
-39
What is 4 - (23 - 15) - ((-45 - -1) + -3)?
43
Evaluate (-1 - -22) + -501 + 523.
43
Calculate 82 - 7 - (1 + -3 + -51 + 118 + -58).
68
Calculate -18 + 19 - (105 - -1) - (5805 - 5795).
-115
Calculate -70 + (99 - 127) + -11.
-109
Calculate 265 + -149 - 269 - -126.
-27
What is the value of -17 - (-65 + -6) - 47?
7
What is the value of 8 - 19 - (-175 - -134)?
30
Evaluate 21 - (70 - 62 - (6 - (11 + -8))).
16
Evaluate -25 + (-34 - -6) + 53 + (-4 - (71 - -3)).
-78
1 - (-4 + -13 + 27 - (2 + -2))
-9
What is -138 - (-177 - -48) - (46 + -4 + 2)?
-53
What is the value of -30 - -2 - -27 - (43 - 1)?
-43
-2 - (-20 + 17 + -22 + 12) - 59
-48
Evaluate (-19 + 9 - -11) + (110 - 122).
-11
What is the value of 126 + (-4 - -55 - 128)?
49
What is -2 + (11 - 0) + (-90 - -131 - 40)?
10
Calculate 50 + (-186 - -145) - (-77 - (-1 + -1)).
84
Calculate 245 + -279 + 53 + -8.
11
What is -217 + 209 - (2 - (-1 - -10)) - 29?
-30
What is -11 + 44 + -31 + (-2 - -1) + -21?
-20
Evaluate 42 - (-16 + -2 + (-961 - -1039)).
-18
Evaluate 14 - (-4 + 30 + 0) - -94.
82
Evaluate -43 - (34 + -20) - -33.
-24
Calculate (-12 - -2) + (-1 - (-69 - (8 + -5 + 8))).
69
Calculate -89 - 0 - (9655 - 9615).
-129
(-61 - -4) + (-536 - -646)
53
What is 7 - (40 - (-7 + 0 - -6 - -19))?
-15
Evaluate 19 + -26 + 36 - -15 - -21.
65
What is the value of -24 + 13 + 56 + -5 + (1 - 12)?
29
(10 - 4) + (0 - (2 + 2) - (-31 + 0))
33
What is 17 + 40 + -22 + 16?
51
What is the value of (-61 - 0) + 144 + -148 + (2 + 0 - -1)?
-62
Calculate (-93 - -82) + 12 + 2 + 1 - 31.
-27
Calculate 4 + 4 + (2075 - 2088).
-5
What is the value of 6 + 1 + (-21498 - -21515)?
24
What is 48 - (28 - (-50 - -42) - 71)?
83
Evaluate (6 - 4) + -14 + 26 + (-1 - -73) - -11.
97
What is (-19 - -15) + 6 - (0 - 27 - (-8 + 5))?
26
(0 - (-1 + 8)) + (-26 - -81) - 2
46
Evaluate (-23 - -16 - (4 - -1)) + (87 - 58).
17
Calculate -10 + -15 - (-94 + 28) - -14.
55
(-24 - (-3 - 39)) + -35 - 85
-102
What is -16 + (0 - (1 + -4)) - (-643 - -566)?
64
Calculate -3 + 8 + -23 + 37 + 3.
22
Calculate 47 - (-23 + (-230 - -219 - (-1 - 23))).
57
-27 - -34 - ((-13 - -3) + 13 + -1 + -56)
61
61 - (7 + -10 + -28 + 12)
80
(-38 - (4 + -4)) + 17
-21
Evaluate -5 + 4 + -34 + 40 + (-74 - -85).
16
Calculate 58 + -143 + 8 + (-3 - 1) - (-1 + -10).
-70
Evaluate 4 + -3 + -10 + (17 - 7 - 3) + 26.
24
What is the value of (-6 - (11 - (-3 + 11))) + (-5 + 88 - 9)?
65
Evaluate (-94 - (-11 - -55 - 30)) + 16.
-92
What is the value of 143 + 46 + -143 - (2 - -11)?
33
(32 + -12 + -14 - 23) + 6 - 8
-19
What is the value of 11 + (-7 - (6 + 0)) + 8 + 7 - 7?
6
Calculate (-1 - -83) + -1 - (35173 - 35162).
70
What is the value of 2 + 23 - (-634 + 648) - (-1 - 72 - -2)?
82
Evaluate -409 + 320 + (52 - 3).
-40
What is the value of (-4 - 4) + (7 - (-16 + 7 - 134)) + -13?
129
What is -600 + 536 + (1 - -73)?
10
1620 + -1613 - (-2 - (3 + (1 - -36)))
49
What is 53 + (8 - (22 - (10 + -9))) + 5?
45
-120 + 140 + 30 - 108
-58
What is the value of (-7 - -1) + (79 - (71 - -17)) - 25?
-40
What is -1319 - -1372 - (79 + 7)?
-33
Calculate -10 + (-84 - (42 + -124)).
-12
What is the value of (-46 + -14 - -1) + 1?
-58
What is the value of 68 + (28 - 3 - (11 + 0)) + 11 + 1?
94
What is 97 + (20 - -3) + -6 - (-8 + 9)?
113
Evaluate (35 - 30) + -6 + (3 - (4 + 27)).
-29
(-7 - (17 - 30)) + (1 - 6) + 8 - -66
75
Calculate 1 + 10 + (-11 - 12) - (-9 - -14 - 0).
-17
Evaluate 4 + 0 + -2 + (-3 - -14) - (45 + 24).
-56
-43 + (-1 - (5 + 13 + (5 - 31)))
-36
Calculate 85 + -22 + -3 + -41.
19
What is the value of -5 + 1 + (5 - (-61 - (25 + -35)))?
52
-1 - -30 - (138 + -110 + 0 + -25)
26
Evaluate (75 - 139) + 7 - -54.
-3
What is 57 - (108 + 35 - 58)?
-28
(2 + 6 - 0) + -146 + (-440 - -439)
-139
Calculate -103 - -338 - (-77 + 207).
105
Calculate 95 + -1 + (-29 - (-16 + -28) - 41 - -26).
94
What is the value of (23 - 18 - (6 - -1)) + (38 - 24)?
12
Evaluate (-44 + 131 - 97) + (1 - -2) + 0 - -51.
44
-17 + 102 + -56 - 89
-60
Calculate (2 - -111) + -71 + 47 + -29.
60
What is 3 + -59 + 63 + 74 + 2?
83
150 + (-3 + -23 - ((30 - 105) + 47))
152
Calculate 7 + -4 - (-9 + -8 + 7) - -7.
20
Calculate -7 + 4 + (35 - 38) - 19.
-25
Calculate (0 - 8) + (29 - 1 - (-58 + 92)).
-14
-14 - 43 - (-64 - 36)
43
Calculate -91 + 105 + -17 + (2 - 3 - -3).
-1
Evaluate -3 - ((-44 + 18 - -10) + -6).
19
What is the value of 15 + 39 + -86 - -9?
-23
What is -22 + -18 + 30 + (-14 - (42 + 3) - -1)?
-68
Calculate 8 - (-6 + 1 - (-13 + 33 + -41)) - 1.
-9
Calculate -49 - (-91 + 34 + -11).
19
(-4 - -5) + 3 + -5 - -16 - (237 - 240)
18
What is the value of -13 + (-65 - (-24 + -25))?
-29
Calculate -40 + (78 + -83 - (-21 - 1)).
-23
Evaluate -30 - (-95 - -49 - -54).
-38
44 - (8 - -9 - -47)
-20
(4 - -9) + (21 - (21 + -58 + -5))
76
(-13 - -6) + -10 + (140 - 68)
55
Calculate -13 + 14 + -5 + -10 + 22 + -41.
-33
Calculate (-16 - -5 - 4) + -21 + (15 - -5).
-16
Calculate (-26 - (4 + -19 + -7)) + 1 + -3 + 17.
11
Calculate 38 + -53 + (-11 - -8 - -22).
4
Evaluate -10 + 1 + 5 - (4 + -2 + -5).
-1
Evaluate (3 - 9) + 3 + -14 + -6 + -25 - -7.
-41
(2 - 4) + 0 - (-5328 + 5309)
17
What is the value of -171 + 12 + 56 + 7 + -3?
-99
8 + -11 + -5 - ((4 - -3) + -32)
17
What is the value of -10 + 1 - (1485 - 1536)?
42
Calculate (-3 - (-81 - -62)) + -21.
-5
-63 + -1 - (-5266 + 5155)
47
What is 85 - (204 + (-36 - 25))?
-58
Calculate -89 + 82 + -40 + 12 + -6 + 0.
-41
What is the value of (312 + -320 - (-2 + (-12 + 3 - -1))) + -5?
-3
Calculate 71 + -27 + 10 - (2 - -6 - 21).
67
What is the value of -12 - -157 - ((17 - (